 + 2845. Determine q(5).
-820
Let k(o) = 63162*o - 757995. Calculate k(12).
-51
Let m(n) = n**3 + 50*n**2 - 1138*n + 1280. What is m(16)?
-32
Let b(m) = -m**3 + 160*m**2 - 10*m + 1585. Give b(160).
-15
Let u(y) = 79359*y - 555605. Determine u(7).
-92
Let j(y) = -214*y - 4639. Determine j(-28).
1353
Let p(s) = -6*s**2 + 412*s - 1576. Give p(65).
-146
Let c(j) = j**3 - j**2 - 917*j + 7598. Give c(9).
-7
Let y(k) = k**2 + 422962*k + 8881763. Calculate y(-21).
2
Let f(y) = -1911*y - 168230. Give f(-88).
-62
Let z(j) = 32*j**3 - 68*j**2 - j + 12. Give z(2).
-6
Let r(d) = -46763*d - 3600759. Calculate r(-77).
-8
Let i(f) = 3*f**3 + 42*f**2 - 131*f + 98. What is i(2)?
28
Let x(c) = -4*c**3 + 46*c**2 - 21*c + 281. Determine x(12).
-259
Let o(n) = 2*n**3 - 1020*n**2 + 2*n - 1016. What is o(510)?
4
Let w(d) = -22*d**2 + 460*d + 5075. What is w(-8)?
-13
Let v(a) = 3550*a - 3251788. What is v(916)?
12
Let g(l) = 1475*l + 17744. Give g(-12).
44
Let s(c) = -c**2 - 893*c - 8840. What is s(-10)?
-10
Let q(c) = -2*c**3 + 19*c**2 + 2152*c + 19637. Calculate q(-12).
5
Let l(r) = -r**3 + 37*r**2 - 199*r + 58. What is l(31)?
-345
Let n(f) = -2015*f + 17407. Determine n(7).
3302
Let x(z) = -z**2 + 110*z - 1349. Determine x(99).
-260
Let c(k) = -k**3 - 68*k**2 - 100*k - 9043. Calculate c(-68).
-2243
Let m(i) = i**3 - 19*i**2 - 1796*i + 31097. Determine m(17).
-13
Let i(q) = -5*q**2 - 401*q + 3. Give i(0).
3
Let g(o) = -o**3 - 816*o**2 - 4306*o - 203550. Calculate g(-811).
11
Let t(j) = -2*j**3 - 31*j**2 - 427*j - 4722. Give t(-13).
-16
Let v(p) = -2*p**3 - 127*p**2 + 15372*p - 402. What is v(-125)?
-27
Let s(p) = -p**3 - 6*p**2 + 3782*p - 11273. Determine s(3).
-8
Let i(q) = q**3 - 569*q**2 - 1723*q - 18. What is i(-3)?
3
Let j(b) = -989*b + 5895. Calculate j(6).
-39
Let q(a) = 198*a - 17883. Calculate q(88).
-459
Let n(d) = 12066*d + 72384. What is n(-6)?
-12
Let u(j) = 3964*j - 313291. Give u(79).
-135
Let l(w) = 167*w + 31609. What is l(-183)?
1048
Let d(t) = 358*t**2 + 2103*t + 2104. Calculate d(-1).
359
Let b(z) = -3*z**3 + 14*z**2 + 55*z + 554. Calculate b(9).
-4
Let i(f) = 4870*f - 2693130. Determine i(553).
-20
Let g(v) = 418*v**2 + 4188*v - 14. Determine g(-10).
-94
Let j(t) = t**2 + 501*t - 24257. Calculate j(44).
-277
Let v(g) = 6*g**2 - 1090*g - 52157. Calculate v(221).
-1
Let y(j) = -4*j**2 + 209*j + 2513. What is y(-10)?
23
Let g(t) = 4*t**2 - 3451*t + 230623. What is g(73)?
16
Let x(s) = s**3 - 11*s**2 - 505*s + 6173. Calculate x(20).
-327
Let q(l) = -2*l**3 - 120*l**2 + 1084*l - 447. Calculate q(-68).
-175
Let m(d) = d**3 - 133*d**2 - 6507*d + 2057. Give m(171).
518
Let l(u) = 168*u - 11307. Calculate l(72).
789
Let d(p) = 23*p**2 - 12318*p + 43611. Calculate d(532).
-13
Let v(c) = -2875*c - 554867. Calculate v(-193).
8
Let j(s) = 18582*s - 111527. Give j(6).
-35
Let v(n) = n**2 + 239*n + 2022. Give v(-10).
-268
Let l(c) = c**2 + 1543*c - 3564444. Determine l(1268).
-96
Let r(u) = 1376*u - 95934. Give r(70).
386
Let h(o) = -963*o**2 - 26014*o - 130. Determine h(-27).
221
Let d(f) = -3*f**3 - 2*f**2 - 2864*f + 11492. Determine d(4).
-188
Let u(l) = -l**2 + 12920*l - 2856373. Give u(225).
2
Let x(i) = -8*i**3 - 1241*i**2 - 172*i - 2662. What is x(-155)?
-27
Let y(i) = -i**2 + 12524*i + 326300. What is y(-26)?
0
Let v(w) = -27*w**2 + 6051*w - 976. Determine v(224).
-304
Let s(c) = 1178*c**2 + 7041*c - 163. What is s(-6)?
-1
Let z(k) = 3*k**2 - 32*k + 337. Calculate z(7).
260
Let j(c) = -6*c**2 + 106*c + 66. What is j(21)?
-354
Let o(z) = -z**2 + 129*z + 35012. Give o(-132).
560
Let a(y) = -16742*y - 201310. Determine a(-12).
-406
Let o(t) = -20485*t + 655129. Calculate o(32).
-391
Let h(f) = 483*f + 4731. Give h(-11).
-582
Let v(u) = -11489*u + 78226. What is v(7)?
-2197
Let q(d) = 134499*d - 1614001. Calculate q(12).
-13
Let d(g) = -6269*g - 31797. Give d(-5).
-452
Let c(x) = -12*x**3 - 4219*x**2 + 1766*x + 2107. Give c(-352).
-5
Let n(m) = -1126*m - 25236. Calculate n(-22).
-464
Let b(o) = 517*o - 5587. Calculate b(11).
100
Let a(g) = -g**3 - 60*g**2 - 104*g + 20. Calculate a(-58).
-676
Let u(v) = -120*v**2 - 92*v - 17. Calculate u(-1).
-45
Let z(y) = y**2 + 1172*y + 105. Calculate z(0).
105
Let u(i) = -6*i**3 - 145*i**2 - 1603*i - 37884. Determine u(-24).
12
Let i(y) = 316*y**2 - 7583*y - 37. What is i(24)?
-13
Let q(a) = -7651*a - 130107. What is q(-17)?
-40
Let c(b) = -11*b**2 + 833*b - 5296. Calculate c(7).
-4
Let d(q) = 271*q**2 + 3601*q + 90. Determine d(-13).
-924
Let r(b) = 6*b**2 - 18815*b - 94055. Determine r(-5).
170
Let c(y) = 11*y**3 - 6*y**2 - 21*y - 20. Determine c(-1).
-16
Let p(k) = 3095*k - 71336. What is p(23)?
-151
Let n(o) = -2118*o - 8436. Determine n(-4).
36
Let q(m) = -20650*m + 392522. What is q(19)?
172
Let s(k) = 2*k**3 + 21*k**2 + 103*k - 143. What is s(-8)?
-647
Let s(l) = -l**3 - 4*l**2 + 57*l - 93. Give s(2).
-3
Let f(u) = -u**3 - 31*u**2 + 131*u + 4001. Give f(-31).
-60
Let b(p) = 1169*p**2 + 4637*p - 7. Determine b(-4).
149
Let i(o) = 6328*o - 163849. What is i(26)?
679
Let q(h) = -3628*h**2 + 464383*h + 125. Determine q(128).
-3
Let h(n) = 1300*n - 88091. Give h(68).
309
Let b(n) = -n**3 - 473*n**2 + 347*n - 60514. Calculate b(-474).
-316
Let i(k) = 7*k**3 + 445*k**2 - 651*k - 87. Give i(-65).
-22
Let l(y) = y**2 - 154*y + 3397. What is l(19)?
832
Let f(b) = -342498*b + 342426. Determine f(1).
-72
Let x(r) = 6475*r - 88579. Determine x(14).
2071
Let u(n) = -4*n**2 - 9568*n + 38264. Calculate u(4).
-72
Let t(x) = 12*x**3 - 471*x**2 + 1408*x - 65. Determine t(36).
79
Let a(r) = -2559*r - 5105. What is a(-2)?
13
Let h(v) = 20*v - 305. Give h(-21).
-725
Let l(b) = -b**2 + 653*b - 7093. Calculate l(11).
-31
Let w(i) = i**2 - 11*i - 729. What is w(-30)?
501
Let z(x) = 82*x**3 - x**2 - 34302*x + 34303. Determine z(1).
82
Let g(o) = o**3 - 77*o**2 - 7254*o - 786. Determine g(132).
6
Let z(q) = 19*q**2 + 2335*q + 620. Determine z(-123).
866
Let z(t) = -580*t**2 + 5222*t + 11. Give z(9).
29
Let p(x) = 23193*x - 603017. Determine p(26).
1
Let r(f) = f**3 - 145*f**2 + 422*f + 592. What is r(142)?
24
Let i(f) = 20860*f + 41717. Give i(-2).
-3
Let r(q) = 4*q**2 - 52586*q - 262963. Give r(-5).
67
Let q(i) = 2*i**3 - 32*i**2 + i - 628. Determine q(17).
-33
Let f(t) = 23*t**2 + 793*t - 72567. What is f(-76)?
13
Let p(f) = 221*f + 3888. Give p(-17).
131
Let v(d) = -5359*d + 1071809. Calculate v(200).
9
Let o(d) = -86751*d + 173462. What is o(2)?
-40
Let r(n) = -n**3 + 33*n**2 + 27*n - 104. Determine r(34).
-342
Let u(c) = -3*c**2 + 618*c + 3317. Calculate u(212).
-499
Let n(p) = -970*p - 2929. Calculate n(-3).
-19
Let l(m) = -m**2 + 172*m + 5363. Determine l(-37).
-2370
Let g(l) = -4*l**2 + 536*l - 2212. Determine g(131).
-640
Let z(u) = 21*u**2 - 328*u - 1959. What is z(-5)?
206
Let y(d) = -2*d**2 + 371*d - 3960. Determine y(174).
42
Let h(x) = -281*x + 50853. Determine h(181).
-8
Let t(n) = -4220*n + 227876. What is t(54)?
-4
Let a(t) = 569*t + 124548. What is a(-219)?
-63
Let n(s) = -s**2 - 184*s - 826. Give n(-178).
242
Let v(x) = 2*x**3 - 2*x**2 + 1771*x - 3550. Calculate v(2).
0
Let h(t) = 274*t**2 + 45209*t - 75. What is h(-165)?
90
Let r(k) = 53*k**2 + 58*k - 345. What is r(5)?
1270
Let i(w) = 68*w**2 - 829*w + 912. Give i(11).
21
Let y(m) = -1270*m - 10162. Give y(-8).
-2
Let h(u) = 385*u**2 - 1536*u - 16. Calculate h(4).
0
Let i(h) = 142*h - 1193. Determine i(7).
-199
Let r(q) = 3*q**3 + 163*q**2 - 97*q - 70. Give r(-55).
-785
Let w(l) = -18144*l - 508161. Determine w(-28).
-129
Let j(c) = -2*c**3 - 16*c**2 + 438*c + 5. Determine j(15).
-3775
Let k(a) = 2*a**3 - 102*a**2 + 106*a - 287. Calculate k(50).
13
Let g(v) = 51381*v + 43725238. What is g(-851)?
7
Let k(v) = 2*v**2 + 439*v + 20878. What is k(-147)?
-437
Let a(q) = -5675*q - 175962. Calculate a(-31).
-37
Let y(m) = 27*m**3 + 36*m**2 - 13*m - 7. Determine y(-3).
-373
Let r(h) = -11940*h + 1384810. Determine r(116).
-230
Let t(l) = -l**3 + 337*l**2 - 1378*l + 15338. Give t(333).
20
Let f(r) = -147*r**2 - 7805*r - 732. Calculate f(-53).
10
Let z(h) = -9*h**2 - 2389*h - 18591. Give z(-8).
-55
Let o(v) = -353*v + 30518. Give o(87).
-193
Let y(g) = g**2 + 23836*g - 4807212. Determine y(200).
-12
Let v(w) = 145*w + 545. Determine v(-3).
110
Let x(y) = 2045*y**2 - 10331*y 